it of 47042179?
0
What is the hundreds digit of 231495363?
3
What is the hundred thousands digit of 4844107389?
1
What is the thousands digit of 483870756?
0
What is the billions digit of 2859422383?
2
What is the ten thousands digit of 7548386?
4
What is the tens digit of 1131575?
7
What is the ten millions digit of 150076616?
5
What is the billions digit of 1197514499?
1
What is the ten millions digit of 2174520367?
7
What is the thousands digit of 1445338122?
8
What is the ten thousands digit of 147103501?
0
What is the hundred thousands digit of 43624104?
6
What is the units digit of 256761085?
5
What is the tens digit of 12251112?
1
What is the ten thousands digit of 758831130?
3
What is the thousands digit of 436277490?
7
What is the billions digit of 1134729413?
1
What is the ten millions digit of 686182709?
8
What is the units digit of 11450379?
9
What is the ten thousands digit of 690882844?
8
What is the hundreds digit of 1047983609?
6
What is the thousands digit of 3603476905?
6
What is the tens digit of 94618491?
9
What is the hundreds digit of 9552736?
7
What is the hundred thousands digit of 101083453?
0
What is the billions digit of 6437283204?
6
What is the thousands digit of 315478994?
8
What is the thousands digit of 31808381?
8
What is the thousands digit of 182734316?
4
What is the tens digit of 46522508?
0
What is the tens digit of 1470050486?
8
What is the units digit of 47598392?
2
What is the hundreds digit of 4979317053?
0
What is the millions digit of 132857139?
2
What is the thousands digit of 193286237?
6
What is the hundred thousands digit of 245911256?
9
What is the thousands digit of 47461535?
1
What is the hundreds digit of 335237177?
1
What is the thousands digit of 52631147?
1
What is the hundred thousands digit of 100282659?
2
What is the units digit of 480133669?
9
What is the hundreds digit of 1146983352?
3
What is the ten thousands digit of 1878421454?
2
What is the millions digit of 578967021?
8
What is the hundreds digit of 134875601?
6
What is the tens digit of 21924401?
0
What is the hundred millions digit of 112237996?
1
What is the hundred millions digit of 858527270?
8
What is the units digit of 353216607?
7
What is the millions digit of 452854990?
2
What is the millions digit of 151528873?
1
What is the ten thousands digit of 3395565665?
6
What is the ten millions digit of 22628115?
2
What is the thousands digit of 4409407?
9
What is the billions digit of 5321338416?
5
What is the units digit of 267405848?
8
What is the hundred millions digit of 1635767585?
6
What is the ten thousands digit of 432952087?
5
What is the ten thousands digit of 20552109?
5
What is the millions digit of 66488984?
6
What is the hundred thousands digit of 382686751?
6
What is the hundred millions digit of 102232195?
1
What is the units digit of 53646735?
5
What is the ten millions digit of 832288437?
3
What is the hundreds digit of 612182484?
4
What is the ten thousands digit of 51407431?
0
What is the hundred thousands digit of 24425791?
4
What is the units digit of 1608722485?
5
What is the ten thousands digit of 942559270?
5
What is the ten thousands digit of 67476171?
7
What is the tens digit of 115335378?
7
What is the thousands digit of 45317291?
7
What is the thousands digit of 15149971?
9
What is the ten thousands digit of 7349907124?
0
What is the units digit of 233960174?
4
What is the ten millions digit of 162013223?
6
What is the thousands digit of 1230956735?
6
What is the hundreds digit of 727701950?
9
What is the units digit of 900827090?
0
What is the hundred millions digit of 340231902?
3
What is the millions digit of 17610647?
7
What is the hundreds digit of 139423759?
7
What is the ten thousands digit of 234537649?
3
What is the hundred thousands digit of 15567631?
5
What is the tens digit of 95045237?
3
What is the hundreds digit of 45471510?
5
What is the ten thousands digit of 40370268?
7
What is the hundred millions digit of 4741458790?
7
What is the tens digit of 38892529?
2
What is the hundred millions digit of 1423489325?
4
What is the ten thousands digit of 36100120?
0
What is the hundred millions digit of 798086306?
7
What is the units digit of 79571755?
5
What is the ten millions digit of 161336385?
6
What is the units digit of 403221287?
7
What is the units digit of 444135611?
1
What is the ten thousands digit of 205356247?
5
What is the ten millions digit of 1397500020?
9
What is the hundreds digit of 12657058?
0
What is the hundred millions digit of 772510786?
7
What is the hundred millions digit of 8062689037?
0
What is the tens digit of 1792969?
6
What is the ten millions digit of 1462095355?
6
What is the hundreds digit of 335197956?
9
What is the hundreds digit of 48831844?
8
What is the thousands digit of 58280909?
0
What is the tens digit of 8616441555?
5
What is the hundreds digit of 71775209?
2
What is the hundreds digit of 197555631?
6
What is the thousands digit of 379578406?
8
What is the hundreds digit of 12147355?
3
What is the tens digit of 651804997?
9
What is the hundred thousands digit of 884254141?
2
What is the ten millions digit of 717058631?
1
What is the units digit of 8432625?
5
What is the ten millions digit of 11655482?
1
What is the ten millions digit of 12002081?
1
What is the hundreds digit of 110803484?
4
What is the thousands digit of 338470197?
0
What is the tens digit of 755589757?
5
What is the ten millions digit of 83065129?
8
What is the thousands digit of 86230630?
0
What is the hundred millions digit of 1265196643?
2
What is the ten thousands digit of 24910851?
1
What is the hundred thousands digit of 97066579?
0
What is the hundred thousands digit of 1180489233?
4
What is the ten thousands digit of 8948807?
4
What is the thousands digit of 209106349?
6
What is the ten thousands digit of 4224939379?
3
What is the thousands digit of 338747622?
7
What is the units digit of 970760965?
5
What is the thousands digit of 333902757?
2
What is the hundred thousands digit of 24348170?
3
What is the hundred millions digit of 868644964?
8
What is the hundred thousands digit of 48547389?
5
What is the hundreds digit of 187967948?
9
What is the hundred millions digit of 360998079?
3
What is the units digit of 6457034?
4
What is the tens digit of 510616768?
6
What is the ten thousands digit of 490298241?
9
What is the units digit of 827745960?
0
What is the tens digit of 32466255?
5
What is the millions digit of 29928617?
9
What is the ten millions digit of 34855018?
3
What is the millions digit of 138475633?
8
What is the millions digit of 3755041880?
5
What is the ten millions digit of 446936719?
4
What is the ten thousands digit of 58672965?
7
What is the millions digit of 47217559?
7
What is the hundred thousands digit of 90235801?
2
What is the units digit of 38651210?
0
What is the units digit of 17513663?
3
What is the hundred thousands digit of 437064811?
0
What is the millions digit of 109771864?
9
What is the hundred millions digit of 1859772644?
8
What is the hundred thousands digit of 24719448?
7
What is the billions digit of 3277364267?
3
What is the ten thousands digit of 81024146?
2
What is the thousands digit of 644207255?
7
What is the billions digit of 3371317805?
3
What is the ten thousands digit of 82329233?
2
What is the ten millions digit of 65335351?
6
What is the millions digit of 59918557?
9
What is the tens digit of 172691184?
8
What is the ten millions digit of 682581504?
8
What is the hundred millions digit of 149655866?
1
What is the ten thousands digit of 602327970?
2
What is the ten millions digit of 41833565?
4
What is the thousands digit of 137070459?
0
What is the ten thousands digit of 21889902?
8
What is the ten thousands digit of 562197411?
9
What is the ten millions digit of 104818877?
0
What is the thousands digit of 597497023?
7
What is the millions digit of 17347356?
7
What is the hundred thousands digit of 24255795?
2
What is the hundreds digit of 2567380566?
5
What is the millions digit of 4053238573?
3
What is the tens digit of 101083366?
6
What is the tens digit of 1820694312?
1
What is the ten thousands digit of 301040177?
4
What is the thousands digit of 177923859?
3
What is the units digit of 669415521?
1
What is the